(-48 - (-13 + (1 - -3)) - (-4 - -4)) + -10
-49
15 + (27 + -7 - 21) + -3
11
Calculate -7 + 1 + (45 - (-7 - ((2 - 14) + 0))).
34
What is 1 + (-11 - -23) - (12 - (36 - 6))?
31
-18 - (-71 + 51 + 60)
-58
What is the value of 35 - -28 - (264 - 177)?
-24
Calculate -11 + 0 - (-412 + 287 - -111).
3
What is 37 + -71 + 64 - 38?
-8
Calculate 448 - 459 - (-19 - (-3 + -1)).
4
Evaluate -799 - -798 - (0 - -14).
-15
What is 2 - (-3 + 4) - -51 - (493 + -484)?
43
What is the value of 17 - (38 + 15 + -4 + -5)?
-27
Evaluate 6 + (10 - -1) + 15 + (5 - 31) + 23.
29
What is -201 - -245 - (35 - -6)?
3
What is ((8 - 22) + 20 + 0 + -8 - -12) + -9?
1
Evaluate (-23 - -28) + (353 - 421).
-63
-97 + -2 + -9 + -13 + (-2 - -7)
-116
Evaluate -10 + -15 - (-134 + 122).
-13
Evaluate (-37 - 77) + 47 + 8.
-59
(-1 + -1 - -1) + 38 + -467 + -75 + 538
33
Calculate (14 - 3) + 65 - 1 - (35 - 46).
86
What is (-23 - (-11 + 5 + 11)) + 19 + -6?
-15
What is 9 - -14 - (-571 + 554)?
40
Calculate 48 - (8 + -10 - (-40 - -36 - (-1 + 8))).
39
Evaluate -4419 + 4360 + 134 + 5.
80
What is the value of (-1 - -5 - (13 + -2)) + -44 + 81 + -42?
-12
What is the value of (48 - (-106 + 59)) + -52?
43
Evaluate 623 - 656 - (-16 - 2).
-15
Evaluate (-17 - (-6 - -9 - 11)) + (-13 - (-2 + 13)).
-33
Evaluate -38 - (-80 + -7 + 82).
-33
Evaluate -3 + 0 + 6 + (-92 - (35 + -77)).
-47
(-9 - -2) + (-34 + 35 + -14 - 72) - -1
-91
-20 - -19 - 1 - (-2 - 3)
3
What is -110 + 4 + (3 - (18 - -12)) + 2?
-131
Calculate (34 - 18) + (-49 - -67 - (18 - 5)).
21
Calculate (9 - 7) + -7 - -7 - 13.
-11
Calculate -7 + (46 - -10 - 29) - -18.
38
Calculate (-1 - (-1 + -46)) + (-1 - -27).
72
What is the value of (74 - (212 + 4)) + 22?
-120
Evaluate 7 - (2 + 22) - -31 - (6 + -8 - 83).
99
Calculate 0 - 38 - (4 + 66 + -184).
76
What is the value of (-26 - (29 - (-17 + 127))) + 9?
64
Calculate (7 - -63) + (-592 - -492).
-30
What is the value of 2 + 0 + (14 - (-4 + (12 - 1)))?
9
What is the value of -22 - (2 - -30 - (218 - 212))?
-48
What is the value of -12 + (28 - 66) + -68 - (-1 - 2 - 0)?
-115
-85 + (17 - 7) - (26 - (-5 - -34))
-72
What is -1 - -6 - (20 + (-196 - -177)) - (9 + -1)?
-4
-55 - (36 - 252) - 93
68
6 + 2 + -11 - (-61 - -34)
24
What is -57 + -81 - (2 + -77)?
-63
What is -90 + 170 + -178 + (1 - -28)?
-69
What is (-4 - -7 - -12) + -29 + (48 - 16)?
18
Evaluate 34 - (2 + 1 + (214 - 249)).
66
What is the value of -15 - (-41 + -10 + -8 + 15)?
29
What is 52 + -2 + -113 + -2 + 13?
-52
Evaluate (27 - (14 + -9) - 24) + 1 + -5 + 2.
-4
20 - 0 - (8 + -26 - (-19 - (-12 + 10)))
21
Calculate -2 + -21 + (6 - -28 - 18) + 51 + -1.
43
(-48 - -116) + -6 - (-9 + 2)
69
Calculate -7 - -13 - 10 - 15 - (82 + -20).
-81
Evaluate -5 + 26 + (-15 - 50).
-44
-32 + (-4 - (-13 - -11) - 13)
-47
What is the value of (-6 - (-17 + 1 + 28 + -77)) + -16?
43
What is 65 + (23 - -1 - 49)?
40
What is (-81 - -11) + (1 - -127)?
58
Evaluate -9 - -11 - 72 - -18 - -10.
-42
What is 11 + -108 + 4 + 0 + (152 - 139)?
-80
-212 + (33 - 8 - -85)
-102
(3 - -31) + (16 - (-23 - -60))
13
What is the value of (4 - 43) + -13 + 34 + 82?
64
Calculate (-4 - 58) + (-12 - -15 - -6).
-53
Evaluate -316 + 344 - (31 - 1) - (0 + 37).
-39
What is the value of -1 + 9 - 0 - (-1220 + 1282)?
-54
What is (19 - (60 + 29)) + 37?
-33
Calculate (0 - 82) + 5828 + -5732.
14
What is -5 + 22 + -7 + 0 - (17 + -11 + 59)?
-55
What is -20 - (9 + 48 - 33) - (-3 - -2 - 7)?
-36
Evaluate -5 + 1 + 11 + -20 + (0 - -11) + -17.
-19
Evaluate 20 + 10 + (-7 + 5 - 21) - -37.
44
(46 - 115 - 58) + 64
-63
Evaluate 0 + 107 + 10947 + -11009.
45
What is -93 + 96 + -67 + (3 - 18)?
-79
Evaluate -4 + 2 + 33 - (-2 + -16 - -6).
43
119 + ((-9 - 5 - -24) + -12 - (-3 + -8))
128
What is -5 + (38 - (79 + -7))?
-39
Evaluate 3 + (-11 - 4) + (10 - 5) + 1.
-6
Calculate (0 - 4) + -2 + 63 + (82 - 138) - -69.
70
Evaluate 3 + -3 + 112 + -154.
-42
Evaluate -12 - ((51 - 120) + (0 - -17)).
40
What is -59 + -40 + 52 - -20?
-27
Calculate 26 - 1 - (2439 - 2375) - 6.
-45
What is the value of (1 - -27) + -25 + 10 + -53 - -4?
-36
What is the value of -67 + (3 - 5) + 6 + (32 - 47) + 13?
-65
What is 1 - (5 - 1) - (8 + -18) - -38?
45
Evaluate 70 + -70 - (10 - 2).
-8
Evaluate (3 + -49 - -42 - (2 - (0 - -4))) + -16.
-18
(2 - 4) + (24 - 16) - (-6 + -66 + 12)
66
Evaluate (7 - (20 - (-4 + 16)) - -9) + (1 - -28).
37
Calculate (17 + -25 - -8) + 7 + -16 + 0 + 58.
49
What is (-27 - (34 + -55)) + (-36 - -2)?
-40
Calculate (24 - 41) + 13 + 4 - -14.
14
Calculate (1 - 3) + 19 - (61 + 114 + -90).
-68
Calculate -38 + (-26 - (49 + -101)).
-12
What is the value of -6 - (-2 + 15 - (-252 + 247 + 3 + 27))?
6
What is the value of -13 + 146 + 5 + -16 + (19 - 8 - -4)?
137
What is the value of 9 + (32 - (71 + -34))?
4
Calculate -3 + (20 - 7) + -16 - -63.
57
(-5 + -6 - (-10 + -1 + (25 - 21))) + 50
46
Calculate -42 + (45 - -41) - 33.
11
What is (-133 - (8 + -107)) + 73?
39
What is the value of 5 + 15 + -34 - (-9 - (-4 - 0)) - 3?
-12
(-3 - (6 + 12)) + -203 + 207 + 21
4
What is (-1 - -1) + 28 + 28 + (-7 - 7)?
42
Calculate (5164 - 5085) + (-219 - 4).
-144
(38 - (45 - 12)) + 6 + 1 + 18
30
What is the value of 6 - (28 - (-78 - -219) - (12 + 1) - -2)?
130
14 + (5 + 0 - 19) + 2 + 3
5
Calculate -28 - (5 - (-1 - (-9 + -3))) - 4.
-26
What is the value of 2 - (38 + (0 - -8)) - (-20 - -6)?
-30
(38 - (293 - 177)) + 0 + 8
-70
What is 51 + (16 - (38 + -5)) + -5?
29
Calculate (4 - 3 - -3) + (40 + (-30 - -20) - 107).
-73
Evaluate 9 - (48 - 47) - -46.
54
What is the value of 1 + (-15 + 16 - (-4 - -4) - 9)?
-7
What is the value of 22 - (25 - (-82 - -79))?
-6
What is the value of 13 + (5 - -7) - 21 - -13?
17
Evaluate -235 + 252 + (-80 + 2 - -1) + 4.
-56
Calculate 1 + 61 + (-34 - -19) + 10 + -8.
49
Calculate (86 + -7 - (-3 - -40)) + -35.
7
Evaluate 22 + 61 + -48 + -2 + -1 + -8.
24
Calculate 8 + -14 + 27 + (4 - (0 + 2 + 12)).
11
Evaluate -13 + -15 - (-12 + (-3 + 5 - 1)).
-17
(-5 - 1 - 0 - -71) + (-2 - (-7 + -5))
75
9 + (-5 - 2) + (0 - 1) + (169 - 160)
10
-61 + -31 + (-10 + 8 - 3 - -28)
-69
Calculate -44 + 27 + 29 + -31 - (2 + (10 - 1)).
-30
What is the value of 18 - (24 + 18 + -80)?
56
50 + -5 + (-17 - -17) + -36
9
Evaluate 40 + 184 + -208 - (33 - -1).
-18
What is the value of 23 - (2 - 0) - (-4294 - -4279)?
36
What is 826 + -844 + 20 + (0 - 0)?
2
Calculate -25 + (-13 - -18 - -47) - 107.
-80
What is -5 - (-2 + (7 - (1 + 128) - (-13 + 19)))?
125
What is 3 + (-10 + 1 - (9 + -1)) + (2 - 88)?
-100
Calculate 222 + -39 + 22 + -120.
85
Calculate (-34 - (14 - 48) - -7) + -111.
-104
Calculate -24 - 0 - (-206 - -356 - 204).
30
What is the value of 0 - 60 - (8 - ((3 - (-16 - -21)) + 18))?
-52
Calculate 92 + -53 + (15 - 5) - 2.
47
What is the value of (46 - (-11 + 120)) + 21?
-42
Calculate -70 + (-13 + 1 + (-19 - -32) - 21).
-90
(68 + -2 - 3) + 49 + -53 + -11 + 1
49
What is the value of -3 - -81 - (1003 - 959)?
34
Evaluate 4175 + -4144 - (59 + -1).
-27
Calculate -11 + -3 + -152 + 142 + (-3 - -87).
60
Calculate (-7370 - -7313) + (1 - 8).
-64
((29 - 39) + -4 - (-1 + -16)) + 6
9
What is 10 + 28 + -5 + -25 + 21 + 91?
120
29 + 15 + (-27 - (-31 + 4))
44
What is the value of (6 + (4 - -3) - (12 + -137) - -8) + 4?
150
What is the value of -16 - (-39 + 60 + 5 + -44)?
2
What is the value of 5 + (122 - 51 - 27)?
49
11 + -2 + -2 + (-28 + 23 - (-14 + -2))
18
(-19 - -35) + 10 + 24 + -1 + 2
51
What is -304 - -389 - (-2 - 2 - (9 - (4 + -2)))?
96
Calculate 102 + (-92 + 147 - 164).
-7
What is the value of -62 + (109 - 106 - (-8 - -6 - 5))?
-52
What is (1 - -14 - (39 + -49 + 15)) + 3 + -77?
-64
What is the value of -102 + -39 + -17 + 127?
-31
Calculate -12 - (-16 - 42 - -93).
-47
Evaluate 18 + (-43 - (3 + 2)).
-30
What is -12 + (-45 - (4 - 32 - 12) - (-95 + 0))?
78
What is the value of 5 + -6 - (-44 - (-42 - -54))?
55
Evaluate -20 + 1 - (1251 + -1250).
-20
What is the value of 31 + (-35 - -128) - 181?
-57
What is the value of 0 + ((-6 - -11) + -6 - (9 + -26))?
16
What is (-119 - -45) + 134 + 10?
70
What is the value of -9 + 147 - 74 - (21 + -8 + 3)?
48
Calculate (26 - 4 - 12) + (-4 - -5 - -14).
25
What is -4 + (-28 - (-23 + -10 + 27))?
-26
What is the value of -96 - -35 - -54 - -14?
7
-3 + -8 + (-9 - -3 - -6) + 59 + 1
49
-6 + 27 + -2 - (16 - (17 - 31))
-11
Evaluate 599 + -1558 + 848 + (0 - (1 + 19)).
-131
What is -51 + (-56 - -67) - -16?
-24
What